{"id":1277,"date":"2024-11-09T08:25:46","date_gmt":"2024-11-09T08:25:46","guid":{"rendered":"https:\/\/fumotxpress.de\/?page_id=1277"},"modified":"2024-11-09T08:25:46","modified_gmt":"2024-11-09T08:25:46","slug":"fumotxpress-korszabalyzat","status":"publish","type":"page","link":"https:\/\/fumotxpress.de\/hu\/fumotxpress-korszabalyzat\/","title":{"rendered":"Fumotxpress \u00e9letkori szab\u00e1lyzat"},"content":{"rendered":"<p>At <strong>Fumotxpress.de<\/strong>Eur\u00f3pai Uni\u00f3ban \u00e9l\u0151 \u00fcgyfeleink sz\u00e1m\u00e1ra elk\u00f6telezetten biztos\u00edtjuk a felel\u0151s \u00e9s leg\u00e1lis g\u0151z\u00f6l\u00e9si \u00e9lm\u00e9nyt. Term\u00e9keink szigor\u00faan csak \u00e9s kiz\u00e1r\u00f3lag <strong>csak feln\u0151tt haszn\u00e1latra<\/strong>\u00e9s a legmagasabb sz\u00ednvonalat tartjuk fenn annak biztos\u00edt\u00e1sa \u00e9rdek\u00e9ben, hogy megfelelj\u00fcnk a g\u0151z\u00f6l\u0151 term\u00e9kek \u00e9rt\u00e9kes\u00edt\u00e9s\u00e9t szab\u00e1lyoz\u00f3 \u00f6sszes jogszab\u00e1lyi el\u0151\u00edr\u00e1snak.<\/p>\n<h3>1. Korhat\u00e1r<\/h3>\n<p>Az Eur\u00f3pai Uni\u00f3 el\u0151\u00edr\u00e1sainak megfelel\u0151en legal\u00e1bb <strong>18 \u00e9ves<\/strong> term\u00e9keink megv\u00e1s\u00e1rl\u00e1s\u00e1hoz. Webhely\u00fcnk megl\u00e1togat\u00e1s\u00e1val \u00e9s n\u00e1lunk t\u00f6rt\u00e9n\u0151 v\u00e1s\u00e1rl\u00e1ssal <strong>Fumotxpress.de<\/strong>\u00d6nt meger\u0151s\u00edtj\u00fck, hogy \u00d6n az \u00d6n lak\u00f3helye szerinti orsz\u00e1gban t\u00f6rv\u00e9nyes \u00e9letkorban van ahhoz, hogy v\u00e1s\u00e1roljon g\u0151z\u00f6l\u0151 term\u00e9keket. Ha \u00d6n nem t\u00f6rv\u00e9nyes \u00e9letkor\u00fa, k\u00e9rj\u00fck, hogy tart\u00f3zkodjon weboldalunk haszn\u00e1lat\u00e1t\u00f3l.<\/p>\n<h3>2. Korellen\u0151rz\u00e9s<\/h3>\n<p>A koroszt\u00e1lyra vonatkoz\u00f3 szab\u00e1lyok betart\u00e1s\u00e1nak biztos\u00edt\u00e1sa \u00e9rdek\u00e9ben, <strong>Fumotxpress.de<\/strong> tov\u00e1bbi \u00e9letkor-ellen\u0151rz\u00e9si l\u00e9p\u00e9seket hajthat v\u00e9gre az \u00e9rt\u00e9kes\u00edt\u00e9si ponton. Ez a k\u00f6vetkez\u0151ket tartalmazhatja:<\/p>\n<ul>\n<li><strong>K\u00e9zi \u00e9letkor ellen\u0151rz\u00e9s<\/strong>: A rendel\u00e9s lead\u00e1sakor k\u00e9rhetj\u00fck az \u00e9letkor igazol\u00e1s\u00e1t (p\u00e9ld\u00e1ul szem\u00e9lyi igazolv\u00e1ny vagy \u00fatlev\u00e9l m\u00e1solat\u00e1t) a jogosults\u00e1g ellen\u0151rz\u00e9s\u00e9hez.<\/li>\n<li><strong>Harmadik f\u00e9li \u00e9letkor-ellen\u0151rz\u0151 szolg\u00e1ltat\u00e1sok<\/strong>: Harmadik f\u00e9lt\u0151l sz\u00e1rmaz\u00f3 szolg\u00e1ltat\u00e1sokat vehet\u00fcnk ig\u00e9nybe \u00fcgyfeleink \u00e9letkor\u00e1nak ellen\u0151rz\u00e9s\u00e9re a rendel\u00e9sek feldolgoz\u00e1sa el\u0151tt.<\/li>\n<\/ul>\n<h3>3. Jogi Megfelel\u0151s\u00e9g<\/h3>\n<p>K\u00f6telezetts\u00e9g\u00fcnknek tekintj\u00fck, hogy megfelelj\u00fcnk <strong>minden helyi t\u00f6rv\u00e9ny<\/strong> Az EU-ban nagyon komolyan vessz\u00fck ezt. Ez mag\u00e1ban foglalja az orsz\u00e1g-specifikus szab\u00e1lyoz\u00e1sok betart\u00e1s\u00e1t, amelyek szigor\u00fabb \u00e9letkori k\u00f6vetelm\u00e9nyeket \u00edrhatnak el\u0151. Elk\u00f6telezetts\u00e9g\u00fcnk r\u00e9szek\u00e9nt term\u00e9keinket csak az EU-ban tart\u00f3zkod\u00f3 szem\u00e9lyeknek \u00e9rt\u00e9kes\u00edtj\u00fck. Ha \u00d6n az EU-n k\u00edv\u00fcl lakik, nem tudjuk feldolgozni rendel\u00e9s\u00e9t.<\/p>\n<h3>4. A felhaszn\u00e1l\u00f3k felel\u0151ss\u00e9ge<\/h3>\n<p>Felhaszn\u00e1l\u00f3k\u00e9nt <strong>Fumotxpress.de<\/strong>biztos\u00edtania kell, hogy:<\/p>\n<ul>\n<li>Kor\u00e1bban bet\u00f6lt\u00f6tte a t\u00f6rv\u00e9nyes \u00e9letkort a g\u0151z\u00f6l\u0151 term\u00e9kekre vonatkoz\u00f3an az \u00d6n orsz\u00e1g\u00e1ban.<\/li>\n<li>Nem k\u00eds\u00e9rel meg v\u00e1s\u00e1rl\u00e1st olyan szem\u00e9ly nev\u00e9ben, aki nem felel meg az \u00e9letkori krit\u00e9riumoknak.<\/li>\n<li>A fizet\u00e9si folyamat sor\u00e1n igaz \u00e9s pontos inform\u00e1ci\u00f3kat szolg\u00e1ltat.<\/li>\n<\/ul>\n<p>Ha kider\u00fcl, hogy egy kiskor\u00fa vagy a g\u0151z\u00f6l\u00e9shez sz\u00fcks\u00e9ges jogi \u00e9letkor alatt \u00e1ll\u00f3 szem\u00e9ly v\u00e1s\u00e1rolt az illet\u00e9kes joghat\u00f3s\u00e1g ter\u00fclet\u00e9n, azonnal t\u00f6r\u00f6lj\u00fck a rendel\u00e9st \u00e9s visszat\u00e9r\u00edtj\u00fck a kifizetett \u00f6sszeget. A jelen ir\u00e1nyelv kij\u00e1tsz\u00e1s\u00e1ra ir\u00e1nyul\u00f3 ism\u00e9telt k\u00eds\u00e9rletek v\u00e9gleges kitilt\u00e1st vonhatnak maguk ut\u00e1n weboldalunkr\u00f3l.<\/p>\n<h3>5. Korpolitikai friss\u00edt\u00e9sek<\/h3>\n<p>Korosz\u00e1m-ellen\u0151rz\u00e9si ir\u00e1nyelveinket id\u0151szakosan friss\u00edthetj\u00fck az uni\u00f3s szab\u00e1lyoz\u00e1sok v\u00e1ltoz\u00e1saira vagy egy\u00e9b vonatkoz\u00f3 jogszab\u00e1lyi k\u00f6vetelm\u00e9nyekre v\u00e1laszul. Minden v\u00e1ltoz\u00e1st t\u00fckr\u00f6zni fogjuk ezen az oldalon, ez\u00e9rt javasoljuk, hogy rendszeresen tekintse \u00e1t ir\u00e1nyelveinket.<\/p>\n<hr \/>\n<h3>Mi\u00e9rt fontos a korellen\u0151rz\u00e9s<\/h3>\n<p>Meg\u00e9rtj\u00fck, milyen fontos, hogy biztons\u00e1gos \u00e9s leg\u00e1lis k\u00f6rnyezetet biztos\u00edtsunk a g\u0151z\u00f6l\u00e9shez sz\u00fcks\u00e9ges term\u00e9kek v\u00e1s\u00e1rl\u00e1s\u00e1hoz. <strong>Fumotxpress.de<\/strong> b\u00fcszk\u00e9lkedik azzal, hogy k\u00edn\u00e1lja <strong>pr\u00e9mium eldobhat\u00f3 vape k\u00e9sz\u00fcl\u00e9kek<\/strong> bizalmi m\u00e1rk\u00e1k mint p\u00e9ld\u00e1ul <strong>Al Fakher, Fizzy, OBEELAB HHC<\/strong> \u00e9s <strong>SMPO DL02<\/strong>, kifejezetten feln\u0151tt felhaszn\u00e1l\u00f3k sz\u00e1m\u00e1ra tervezve, akik felel\u0151ss\u00e9gteljesen \u00e9lvezik a vape-\u00e9lm\u00e9nyt.<\/p>\n<p>Elk\u00f6telezettek vagyunk a k\u00f6zeg\u00e9szs\u00e9g t\u00e1mogat\u00e1sa \u00e9s a kiskor\u00faak v\u00e9delme mellett a potenci\u00e1lisan k\u00e1ros term\u00e9kekhez val\u00f3 hozz\u00e1f\u00e9r\u00e9st\u0151l. K\u00f6sz\u00f6nj\u00fck egy\u00fcttm\u0171k\u00f6d\u00e9s\u00e9t a Korhat\u00e1r-ellen\u0151rz\u00e9si ir\u00e1nyelv\u00fcnk betart\u00e1s\u00e1ban, annak biztos\u00edt\u00e1sa \u00e9rdek\u00e9ben, hogy tov\u00e1bbra is felel\u0151ss\u00e9gteljes \u00e9s t\u00f6rv\u00e9nyes m\u00f3don szolg\u00e1lhassuk ki az EU-piacot.<\/p>\n<hr \/>\n<p>Ha b\u00e1rmilyen k\u00e9rd\u00e9se vagy agg\u00e1lya van a Korellen\u0151rz\u00e9si Politik\u00e1nkkal vagy a t\u0151l\u00fcnk val\u00f3 v\u00e1s\u00e1rl\u00e1sra val\u00f3 jogosults\u00e1g\u00e1val kapcsolatban, k\u00e9rj\u00fck, forduljon hozz\u00e1nk: <strong><a rel=\"noopener\">info@fumotxpress.de<\/a><\/strong>.<\/p>","protected":false},"excerpt":{"rendered":"<p>A Fumotxpress.de-n elk\u00f6telezettek vagyunk amellett, hogy felel\u0151ss\u00e9gteljes \u00e9s leg\u00e1lis g\u0151z\u00f6l\u00e9si \u00e9lm\u00e9nyt biztos\u00edtsunk \u00fcgyfeleink sz\u00e1m\u00e1ra az Eur\u00f3pai Uni\u00f3ban. Term\u00e9keink szigor\u00faan csak feln\u0151tt haszn\u00e1latra sz\u00e1ntak, \u00e9s a legmagasabb sz\u00ednvonalat tartjuk fenn annak biztos\u00edt\u00e1sa \u00e9rdek\u00e9ben, hogy megfelelj\u00fcnk a g\u0151z\u00f6l\u00e9si term\u00e9kek \u00e9rt\u00e9kes\u00edt\u00e9s\u00e9t szab\u00e1lyoz\u00f3 \u00f6sszes jogszab\u00e1lyi el\u0151\u00edr\u00e1snak. 1. Korhat\u00e1r Az EU szab\u00e1lyoz\u00e1ssal \u00f6sszhangban [\u2026]","protected":false},"author":1,"featured_media":0,"parent":0,"menu_order":0,"comment_status":"closed","ping_status":"closed","template":"page-blank-title-center.php","meta":{"om_disable_all_campaigns":false,"footnotes":""},"class_list":["post-1277","page","type-page","status-publish","hentry"],"_links":{"self":[{"href":"https:\/\/fumotxpress.de\/hu\/wp-json\/wp\/v2\/pages\/1277","targetHints":{"allow":["GET"]}}],"collection":[{"href":"https:\/\/fumotxpress.de\/hu\/wp-json\/wp\/v2\/pages"}],"about":[{"href":"https:\/\/fumotxpress.de\/hu\/wp-json\/wp\/v2\/types\/page"}],"author":[{"embeddable":true,"href":"https:\/\/fumotxpress.de\/hu\/wp-json\/wp\/v2\/users\/1"}],"replies":[{"embeddable":true,"href":"https:\/\/fumotxpress.de\/hu\/wp-json\/wp\/v2\/comments?post=1277"}],"version-history":[{"count":0,"href":"https:\/\/fumotxpress.de\/hu\/wp-json\/wp\/v2\/pages\/1277\/revisions"}],"wp:attachment":[{"href":"https:\/\/fumotxpress.de\/hu\/wp-json\/wp\/v2\/media?parent=1277"}],"curies":[{"name":"wp","href":"https:\/\/api.w.org\/{rel}","templated":true}]}}

Fumotxpress életkori szabályzat

<p>At <strong>Fumotxpress.de</strong>Európai Unióban élő ügyfeleink számára elkötelezetten biztosítjuk a felelős és legális gőzölési élményt. Termékeink szigorúan csak és kizárólag <strong>csak felnőtt használatra</strong>és a legmagasabb színvonalat tartjuk fenn annak biztosítása érdekében, hogy megfeleljünk a gőzölő termékek értékesítését szabályozó összes jogszabályi előírásnak.</p>
<h3>1. Korhatár</h3>
<p>Az Európai Unió előírásainak megfelelően legalább <strong>18 éves</strong> termékeink megvásárlásához. Webhelyünk meglátogatásával és nálunk történő vásárlással <strong>Fumotxpress.de</strong>Önt megerősítjük, hogy Ön az Ön lakóhelye szerinti országban törvényes életkorban van ahhoz, hogy vásároljon gőzölő termékeket. Ha Ön nem törvényes életkorú, kérjük, hogy tartózkodjon weboldalunk használatától.</p>
<h3>2. Korellenőrzés</h3>
<p>A korosztályra vonatkozó szabályok betartásának biztosítása érdekében, <strong>Fumotxpress.de</strong> további életkor-ellenőrzési lépéseket hajthat végre az értékesítési ponton. Ez a következőket tartalmazhatja:</p>
<ul>
<li><strong>Kézi életkor ellenőrzés</strong>: A rendelés leadásakor kérhetjük az életkor igazolását (például személyi igazolvány vagy útlevél másolatát) a jogosultság ellenőrzéséhez.</li>
<li><strong>Harmadik féli életkor-ellenőrző szolgáltatások</strong>: Harmadik féltől származó szolgáltatásokat vehetünk igénybe ügyfeleink életkorának ellenőrzésére a rendelések feldolgozása előtt.</li>
</ul>
<h3>3. Jogi Megfelelőség</h3>
<p>Kötelezettségünknek tekintjük, hogy megfeleljünk <strong>minden helyi törvény</strong> Az EU-ban nagyon komolyan vesszük ezt. Ez magában foglalja az ország-specifikus szabályozások betartását, amelyek szigorúbb életkori követelményeket írhatnak elő. Elkötelezettségünk részeként termékeinket csak az EU-ban tartózkodó személyeknek értékesítjük. Ha Ön az EU-n kívül lakik, nem tudjuk feldolgozni rendelését.</p>
<h3>4. A felhasználók felelőssége</h3>
<p>Felhasználóként <strong>Fumotxpress.de</strong>biztosítania kell, hogy:</p>
<ul>
<li>Korábban betöltötte a törvényes életkort a gőzölő termékekre vonatkozóan az Ön országában.</li>
<li>Nem kísérel meg vásárlást olyan személy nevében, aki nem felel meg az életkori kritériumoknak.</li>
<li>A fizetési folyamat során igaz és pontos információkat szolgáltat.</li>
</ul>
<p>Ha kiderül, hogy egy kiskorú vagy a gőzöléshez szükséges jogi életkor alatt álló személy vásárolt az illetékes joghatóság területén, azonnal töröljük a rendelést és visszatérítjük a kifizetett összeget. A jelen irányelv kijátszására irányuló ismételt kísérletek végleges kitiltást vonhatnak maguk után weboldalunkról.</p>
<h3>5. Korpolitikai frissítések</h3>
<p>Koroszám-ellenőrzési irányelveinket időszakosan frissíthetjük az uniós szabályozások változásaira vagy egyéb vonatkozó jogszabályi követelményekre válaszul. Minden változást tükrözni fogjuk ezen az oldalon, ezért javasoljuk, hogy rendszeresen tekintse át irányelveinket.</p>
<hr />
<h3>Miért fontos a korellenőrzés</h3>
<p>Megértjük, milyen fontos, hogy biztonságos és legális környezetet biztosítsunk a gőzöléshez szükséges termékek vásárlásához. <strong>Fumotxpress.de</strong> büszkélkedik azzal, hogy kínálja <strong>prémium eldobható vape készülékek</strong> bizalmi márkák mint például <strong>Al Fakher, Fizzy, OBEELAB HHC</strong> és <strong>SMPO DL02</strong>, kifejezetten felnőtt felhasználók számára tervezve, akik felelősségteljesen élvezik a vape-élményt.</p>
<p>Elkötelezettek vagyunk a közegészség támogatása és a kiskorúak védelme mellett a potenciálisan káros termékekhez való hozzáféréstől. Köszönjük együttműködését a Korhatár-ellenőrzési irányelvünk betartásában, annak biztosítása érdekében, hogy továbbra is felelősségteljes és törvényes módon szolgálhassuk ki az EU-piacot.</p>
<hr />
<p>Ha bármilyen kérdése vagy aggálya van a Korellenőrzési Politikánkkal vagy a tőlünk való vásárlásra való jogosultságával kapcsolatban, kérjük, forduljon hozzánk: <strong><a rel="noopener">info@fumotxpress.de</a></strong>.</p>

<p>A Fumotxpress.de-n elkötelezettek vagyunk amellett, hogy felelősségteljes és legális gőzölési élményt biztosítsunk ügyfeleink számára az Európai Unióban. Termékeink szigorúan csak felnőtt használatra szántak, és a legmagasabb színvonalat tartjuk fenn annak biztosítása érdekében, hogy megfeleljünk a gőzölési termékek értékesítését szabályozó összes jogszabályi előírásnak. 1. Korhatár Az EU szabályozással összhangban […]
